 (-6)/f.
8
Let k be 8/10*10/4. Calculate the remainder when 25 is divided by 27/2*k/3.
7
Let y(k) = k**3 + 6*k**2 - 2*k + 6. Let c be y(-7). Let l(h) = -3*h + 7. Let g be l(-4). Let s = g - c. What is the remainder when s is divided by 25?
23
Suppose -212 = -5*q + 208. Suppose -5*t + q - 6 = 2*m, 0 = -3*m + 12. Calculate the remainder when 39 is divided by t.
11
Suppose -82 = -4*g + 2*j, 5*g - 3*j - 51 = 53. Calculate the remainder when 55 is divided by g.
17
Let n = -4 - -75. What is the remainder when n is divided by 25?
21
Let d(u) = 8*u - 82. Suppose 4*l - 38 = 26. Calculate the remainder when d(16) is divided by l.
14
What is the remainder when 42/(-9)*189/(-14) is divided by 17?
12
Let t = -12 - -21. What is the remainder when 16 is divided by t?
7
Let z = 25 + 15. What is the remainder when z is divided by 14?
12
Suppose 177 = 4*f + 37. Suppose -4*x = -3*t - 3*x + 44, 0 = -2*t - 5*x + f. What is the remainder when t is divided by 8?
7
Suppose -14 = z - 57. Suppose -3*c = 3 - 30. What is the remainder when z is divided by c?
7
Suppose 84 = 6*p - 2*p. Suppose -5*n = -9 - 6. Suppose -p = -n*u - 0*u. Calculate the remainder when 19 is divided by u.
5
Let v = -8 - -34. Calculate the remainder when 102 is divided by v.
24
What is the remainder when 51 is divided by (-1 + 7)*(-36)/(-8)?
24
Let o = 2 + -5. Let f = 2 - o. What is the remainder when f is divided by 2?
1
Suppose 2*s = -s. What is the remainder when 64 is divided by (2 - s) + 3 + 17?
20
Let x = -30 - -55. Suppose -z + 2*z + 4*m = 40, -4*m - 8 = 0. Calculate the remainder when z is divided by x.
23
Suppose -9*a = -3*a - 192. Calculate the remainder when 92 is divided by a.
28
Let g = 26 + 21. Calculate the remainder when g is divided by 12.
11
Let j(q) = 46*q**2 + q + 2. Let u be j(-2). Calculate the remainder when (u/(-32))/(1/(-4)) is divided by 6.
5
Let i(d) = -d**2 + 8*d - 8. Suppose 5*j + 31 = 101. Suppose 3*a = -m - 10, m - 4*m - 5*a - j = 0. What is the remainder when i(6) is divided by m?
0
Let p(r) = -r + 17. Suppose 0 = 2*j - j - 48. Calculate the remainder when j is divided by p(0).
14
Let k be 1*4*(3 + 10). Calculate the remainder when (k/(-10))/(2/(-5)) is divided by 5.
3
Let t = -9 + 26. What is the remainder when t is divided by 7?
3
Suppose -2 = -4*i + 70. Calculate the remainder when 33 is divided by i.
15
Let d = -8 + 2. Let v(a) = -13*a - 4. Calculate the remainder when v(d) is divided by 25.
24
Suppose 3*u + p = -p + 70, -2*u - 5*p = -43. Calculate the remainder when u is divided by 14.
10
Let v(j) be the third derivative of j**4/12 + 3*j**2. What is the remainder when 37 is divided by v(10)?
17
Let a(x) = -30*x - 1. Calculate the remainder when a(-1) is divided by 15.
14
Suppose -4*z + t + 15 = -25, -2*t - 26 = -2*z. What is the remainder when 60 is divided by z?
6
Let c = 36 + -29. Let i(a) = -a**3 + 8*a**2 - 9*a. Calculate the remainder when i(6) is divided by c.
4
Suppose 2*w - 2*j + 21 = 3*j, -3*w + 4*j - 14 = 0. What is the remainder when 3 is divided by w?
1
Let n = -5 + 5. What is the remainder when 1 + (-2 - -2) + 18 is divided by -2 + 9 + n + -2?
4
What is the remainder when 3 + (144*2)/3 is divided by 20?
19
Let f = -92 + 159. Calculate the remainder when f is divided by 36.
31
Let k = 33 + 30. What is the remainder when k is divided by 7/(126/27) + (-82)/(-4)?
19
Let z = -43 - -128. Suppose z = j + 4*j. Let i = 27 + j. What is the remainder when i is divided by 15?
14
Suppose -5 = -5*n + 5. Suppose -2*b - 4 = 2*y + n, -2*y = -4*b - 24. What is the remainder when 10 is divided by (3/2)/(1/y)?
1
Suppose 2*f + 5 = -1. Let m be (10/f)/(4/(-6)). Suppose -m*v - 3*o = -35, -5*v - 17 = 2*o - 57. Calculate the remainder when v is divided by 4.
2
Let j(v) = -3 - 2*v**2 - 4*v**2 + 2*v - 12*v + 5*v**2. What is the remainder when j(-8) is divided by 4?
1
Let b(q) = -q**3 + 4*q**2 + 8*q - 4. Suppose -u = 3*u - 20. What is the remainder when 30 is divided by b(u)?
8
Let s(f) = -8*f**3 + 4*f**2 + 4*f + 3. Let p be s(-2). Let j = -40 + p. Calculate the remainder when j is divided by 18.
17
Suppose 2*x - 5*f - 236 = 0, 0 = 4*x + 2*f - 25 - 447. What is the remainder when x is divided by 12?
10
Let t = 106 + -12. Calculate the remainder when t is divided by 48.
46
Suppose -25*d = -18*d - 98. Let t(z) = z**3 - 6*z**2 + 4. What is the remainder when d is divided by t(6)?
2
Let k be 0/(2/3*-3). Suppose -5*b + 7 = t, -4*b + t + 13 - 2 = k. Let w = 4 - 3. Calculate the remainder when b is divided by w.
0
Let i = -73 + 123. Suppose -3*s + c + 0*c = -i, 0 = -4*s - 4*c + 88. Suppose 2*b + 75 = 143. What is the remainder when b is divided by s?
16
Let k(q) = 11*q**2 + 9*q - 2. What is the remainder when k(-3) is divided by 18?
16
Calculate the remainder when (-3 + 71/(-3))*(-6)/4 is divided by 14.
12
Let b(a) = -a**2 + a + 3. Suppose -5*l + 15 = -5*v, 0*v + 3*v = 2*l - 9. Let g be b(v). What is the remainder when 25 is divided by (g/5)/(2/(-10))?
7
Suppose -4*p = -3*o + 30 + 36, 0 = 3*p - 5*o + 55. Let q = p + 27. Suppose 8 + 36 = 2*t. Calculate the remainder when t is divided by q.
10
Suppose -11 = -5*u + 14. Suppose -i + u*x + 2 = -4, 2*x = 3*i - 44. Let w(p) = 11*p**2 + 3*p - 3. What is the remainder when w(2) is divided by i?
15
Suppose -t = -5*p - 6*t + 45, t = 5. What is the remainder when 8 is divided by p?
0
Calculate the remainder when (2 - 0 - -21) + -3 is divided by 7.
6
Let r be (-1)/((1 + 1)/(-6)). Suppose 3*p - 2*y = 60, 0 = 3*p - y + r*y - 48. Calculate the remainder when p is divided by 10.
8
Suppose 0 = 4*y - 0*y - 52. Let f(z) = 3 + 4*z - 9 + 7*z. What is the remainder when f(5) is divided by y?
10
Suppose 4*z = -3*q + 115, -2*z - 2*q = -3*q - 45. Calculate the remainder when z is divided by 13.
12
Let v(o) = o**2 - 8*o. Let r be v(8). Suppose -3*w - b + 29 = 0, -2*w - 7*b + 2*b + 28 = r. What is the remainder when 25 is divided by w?
7
Let k be 129/2*4/6. Suppose 2*l - 4*c = k + 33, -145 = -4*l + c. Calculate the remainder when l is divided by 13.
10
What is the remainder when 2520/32 - (-2)/8 is divided by 27?
25
Let l = -26 - -14. Let q be 27/l*(-16)/6. Suppose -x = 5*v - 58, 15 = -x + q*x. Calculate the remainder when 21 is divided by v.
10
Suppose -i = -3*i - 14. Let v = i + 10. What is the remainder when 8 is divided by v?
2
Suppose 5*j - 3 = 17. Suppose -t = -5*u + 3 - 9, 75 = j*t - 3*u. Calculate the remainder when t is divided by 11.
10
Suppose 4*m = w + 43, 2*w - 65 = -5*m + w. Suppose 4*t = b - 55, 4*b = -4*t - 5 + 125. Calculate the remainder when b is divided by m.
11
Suppose 0 = -3*b - m + 5 + 15, -5*b + 33 = 2*m. Suppose -k + 16 = -2*y, 2*y - 4*y = 2. What is the remainder when 2/b - (-383)/7 is divided by k?
13
Suppose 2*o - 4*d = 72, o - 3*d = -2*d + 38. Suppose -g - 1 = -3*x, -4*g + x - 5*x = -76. What is the remainder when o is divided by g?
12
Let t(c) = -c**3 + 2*c**2 + 4*c - 4. Let d be t(3). Let a = 5 + d. Calculate the remainder when 6/(-4)*42/(-9) is divided by a.
3
Let t(l) = 3*l - 7. What is the remainder when t(6) is divided by 7?
4
Let g be -4*(105/6)/5. Let t = g + 20. Calculate the remainder when 17 is divided by t.
5
Suppose 10*i - 6*i = 64. Calculate the remainder when 20 is divided by i.
4
Suppose 2*x + 6*a = 3*a + 21, 2*a + 66 = 4*x. Let r(p) = -21*p - 2. Let q be r(2). Let t = -15 - q. Calculate the remainder when t is divided by x.
14
Suppose -110 = -5*p + 20. Let f = 156 + -79. What is the remainder when f is divided by p?
25
Suppose 62 = c - 3*t, 3*c + 6*t = 7*t + 194. What is the remainder when 253 is divided by c?
58
Let g(u) = -2*u - 2. Let q(t) = -7*t**2 - t - 1. Let j be q(-1). What is the remainder when 22 is divided by g(j)?
10
Let y(w) = -w - 2. Let h be y(-4). Let q = h + -2. Suppose n = -q*f + 3*f - 7, -5*f = n - 17. Calculate the remainder when n is divided by 2.
0
Let x(r) = -4*r + 3*r + 0*r - 1. Let z be x(-3). Suppose 2*f - 18 = 2*c, -19 = -3*f + z*f - c. What is the remainder when 27 is divided by f?
13
Let o = 0 - 0. Let u(m) = -m + 11. Calculate the remainder when 42 is divided by u(o).
9
Suppose 2*c = 99 + 15. Calculate the remainder when c is divided by 20.
17
Let o(g) = -g**2 + 6*g + 1. What is the remainder when (-10)/4*12/(-3) is divided by o(5)?
4
Let f(z) = 2*z**2 + 2. Let s = -4 + 1. Let c be 